5*p = 4*l + v, 5*l + 155 = -p. Let w = l - -47. What is the units digit of w?
5
Suppose 4*r + 0*r = 5*y + 178, -3*r + 132 = -3*y. What is the tens digit of r?
4
Let n = 96 + -58. What is the units digit of n?
8
What is the units digit of (-2 - (-132)/9)*6/4?
9
Let r be 48/5 + (-18)/30. What is the tens digit of (-2)/(-1*1/r)?
1
Let j(z) = 4*z**2 - z + 1. Let f be j(1). Let w be 2*(21/(-6))/(-7). Suppose -w = 3*c - f*c. What is the units digit of c?
1
Let u(d) = -d**2 + 10*d - 7. Let l be u(9). Let g = l - 1. What is the units digit of 6*(10/4 - g)?
9
Let h be 10/(-35) + (-4)/(-14). Let n be 11/(-1)*(1 + h). What is the units digit of n/(-3)*(5 + -2)?
1
Let y be 6/9 + 20/6. Suppose -y*h - 3*g = -22 - 29, 3*h - 40 = -4*g. What is the units digit of h?
2
What is the units digit of 4 + -3 - 1 - -20?
0
Let t = 4 - 1. Suppose 53 + 37 = 3*n + t*d, 0 = -2*n - 3*d + 62. What is the units digit of n/8 + 1/(-2)?
3
Suppose -3*q + 6 = -4*d, 3*q = 7*q - 3*d - 1. Let b = 8 + q. What is the units digit of b?
6
Suppose 8 = 5*l - 7. Let u = -12 + l. What is the units digit of (-4)/18 - 11/u?
1
Let c be (-2)/5 - 160/(-25). What is the tens digit of 3/c - (-81)/6?
1
Let j(p) = -3*p - 1. Let k be j(1). Let z = k + 7. Suppose -2*t + 16 = z*u, 5*u + t - 26 = -2*t. What is the units digit of u?
4
Suppose -4*a = -4*n - 51 - 33, a - 4*n - 36 = 0. What is the tens digit of a?
1
Let i(u) = -2*u + 6. Let l be i(-4). What is the tens digit of 1/(29/l - 2)?
1
Suppose -6 = -2*b - 0*b. Let g = 0 + b. Suppose -21 = -g*x - 0. What is the units digit of x?
7
Suppose -4*y - 2*k + 662 = 0, -811 = -5*y + 2*k + k. What is the tens digit of y/10 - 8/20?
1
Suppose 0 = -4*x - 4 + 8. Suppose -p + 5 = -x. What is the units digit of p?
6
Suppose -z - 4 - 1 = s, 2*z = -5*s - 19. Suppose 2*d + u + 10 = 0, -2*u = d - 3*u + 8. Let o = z - d. What is the units digit of o?
4
Suppose 0*j = -3*j + 12. Let x = j + -2. Suppose -c = -y + 5*y + 7, -x*y - 6 = 0. What is the units digit of c?
5
Let y be (2/2)/((-3)/(-9)). Suppose h - y*h + 30 = 0. What is the tens digit of h?
1
Suppose 0 = -a + 4, -5*t + 31 = -2*t + a. What is the units digit of t?
9
Let m = 1 + 2. Suppose p = 2*n - 5, -3*n + 5 = -p - m*p. What is the units digit of n?
3
Suppose 4*y - 116 = 3*y + 3*d, -111 = -y - 2*d. What is the hundreds digit of y?
1
Suppose -7 = -2*m - 3. Let v(l) = l**3 - l**2 - 2*l - 1. Let x be v(m). Let n = x - -5. What is the units digit of n?
4
What is the units digit of (-1)/(-2) + (-72)/(-16)?
5
Let b = 14 + -35. What is the units digit of b*(22/(-6) - -3)?
4
Let j = 24 - 47. What is the tens digit of 1/(-2 - -3) - j?
2
Let h be (-3 + 11)/4*1. Suppose -3 = 3*b - 15. Suppose 40 - b = h*r + 4*f, -20 = -5*f. What is the units digit of r?
0
Suppose 0 = -3*l - 5*u + 40, -2*l + 2*u = -25 + 9. What is the tens digit of l?
1
Suppose 2*c - 82 = -m - 0*m, -5*m = -c + 30. Suppose -5*d + 0*d - c = -4*u, 3*u - 49 = -d. Let g = -6 + u. What is the units digit of g?
9
Suppose -2*p + 0 + 58 = 0. What is the units digit of p?
9
Suppose -3*y + 9 = -18. Suppose y*v - 30 = 4*v. What is the units digit of v?
6
Let y(q) = -11*q + q**2 + 3*q**3 + 8*q + 1 + 2*q**2. What is the units digit of y(2)?
1
Let c be 2/1 - (-1 + 0). Let w(l) = 8*l**2 - l + 1. Let z be w(1). Suppose -c*g - 55 = -z*g. What is the tens digit of g?
1
What is the units digit of (-140)/8*16/(-5) + 0?
6
Suppose -5*f + 2*f = b + 40, -5*b - 68 = 4*f. Let l(n) be the second derivative of -n**5/20 - n**4 - n**3/6 - 3*n**2 + 3*n. What is the units digit of l(f)?
6
Suppose -574 + 1420 = 9*d. What is the tens digit of d?
9
Suppose 0 = 2*u - 7 + 3. Suppose 3*i - 50 = u*t - 6*t, -i + 5*t = 15. Suppose 0 = 5*f + 24 - 4, d + i = -3*f. What is the units digit of d?
2
Suppose 0 = 3*t - 7*t + 1496. What is the units digit of t?
4
Let r(f) = 5*f + 35. What is the units digit of r(7)?
0
Suppose g + 2 = 2*q, g = q - 4*g + 17. Let r be 14/q - (-2)/6. Suppose z - 2 = r. What is the units digit of z?
7
Suppose -387 - 98 = -5*a. What is the tens digit of a?
9
Suppose -18 = -4*k + 154. Suppose 2*a - 5 - k = 0. What is the tens digit of a?
2
Let m(s) = s - 1. Let y be m(-3). What is the tens digit of (46/6)/(y/(-12))?
2
Suppose -3*q + 6*v + 81 = 3*v, 3*q + 3*v = 63. What is the tens digit of 342/q - (-2)/(-8)?
1
Let s(z) = -10*z + 4. Let c be s(2). What is the tens digit of 708/14 + c/28?
5
Let q = -4 + 6. Suppose q*j - j = 8. Suppose -k - 3*k = -j. What is the units digit of k?
2
Let g = -28 - 1. Let k = g + 56. What is the tens digit of k?
2
Let w = 7 + -11. Let t be 5/(-2*3/(-6)). Let x = w + t. What is the units digit of x?
1
Let x = 1 - -1. Suppose 5*h + s - 28 = -s, -x*h + 28 = 5*s. What is the units digit of h?
4
Suppose 0*j + 79 = 2*j + 5*m, -j + 2*m + 62 = 0. What is the tens digit of j?
5
Suppose 2*v = 3*v + 4. Let w = v + 5. What is the units digit of w?
1
Let p = 13 - 9. Suppose 0*j = 4*j - p. What is the units digit of j?
1
Suppose 0 = 4*i + 3*g - 105, 0 = -0*i + 2*i + 5*g - 35. What is the tens digit of i?
3
Let d(f) = 6 - f**3 - 5 - 7*f + 3*f + 0*f**3 - 4*f**2. Let z be d(-3). What is the tens digit of z/14 - 103/(-7)?
1
Suppose 5*s = -d - 50, 0 = 2*d + s + 71 + 20. Let x = -24 - d. What is the units digit of x?
1
Let r = -16 - -15. Let c(a) = -25*a - 1. What is the units digit of c(r)?
4
Let h = 34 + -30. What is the units digit of h?
4
Let p(r) be the first derivative of r**5/60 - r**4/24 - r**3/6 + r**2 + 1. Let i(d) be the second derivative of p(d). What is the units digit of i(3)?
5
Let g be 4/14 + (-2)/7. What is the tens digit of (13 + -3)*(1 - g)?
1
Let m be ((-15)/2 + 2)*2. Let n = 16 + m. Suppose 21 = -w + 2*w - n*p, -3*p = 9. What is the units digit of w?
6
Let z(y) be the first derivative of -y**4/4 + 5*y**3/3 - 2*y**2 + y + 2. Suppose 4*q = 16, -2*g + 5*q = 2*g + 4. What is the units digit of z(g)?
1
Let h = -4 - -7. Suppose 0 = -h*a + 6 + 9. Suppose 11 = 2*o + g, o - 3*g + a = -0. What is the units digit of o?
4
Let u = -5 + 7. Suppose 106 = 5*a - 4*p, -u*p = -3*a + 64 - 2. What is the units digit of a?
8
Let d(z) = z + 6. Let k be d(-8). What is the units digit of k - (3 + 15*-2)?
5
Let i = 4 + -4. Let u = -5 - i. Let l(m) = -2*m - 2. What is the units digit of l(u)?
8
Suppose 4*u + 8 = -0*u. Let z(c) = -8*c - 7. Let j(h) = -9*h - 8. Let t(p) = -5*j(p) + 6*z(p). What is the units digit of t(u)?
4
Suppose 4*d + 4*q = 0, 7*d = 4*d - q - 10. Let p(t) = -t**2 - 6*t. Let x be p(d). Suppose 4 - x = -a. What is the units digit of a?
1
Suppose -48 + 22 = -d. What is the units digit of d?
6
Let t(p) = 55*p**2 + 1. Let v be t(1). Suppose f + f - v = 0. Suppose 4*r - g = 3*g + f, -g - 37 = -4*r. What is the tens digit of r?
1
Let a = 0 + 4. Let v be 5 - 1*(-2 + a). Suppose v*j = 3*n + 4*j - 30, 2*j - 15 = -n. What is the units digit of n?
9
What is the hundreds digit of ((710/4)/(-5))/((-2)/8)?
1
Let v = 5 + -2. Suppose 0 = -p + 9. Let x = p - v. What is the units digit of x?
6
Suppose -4*a - 5*x = -58, 0*x - 32 = -3*a + 2*x. Let o = 0 - 0. Suppose 0 = -2*h - o*h + a. What is the units digit of h?
6
Let y = 50 + -29. What is the tens digit of y?
2
Let n(z) = -z + 10. Let x be n(8). Suppose -5*v = 6*o - x*o + 36, v = -5*o - 24. Let i = 2 - v. What is the units digit of i?
6
What is the tens digit of 0 - (-1 - -5 - 318)?
1
Suppose 2*h + 0*h = 36. What is the tens digit of h/9*(-19)/(-2)?
1
Suppose n + 5 - 8 = 0. Suppose n*h - 11 = -4*d, 4*h + 7*d = 2*d + 14. What is the units digit of h?
1
Suppose -4*w + 12 = -4*x - 8, 4*x = -5*w + 7. Suppose -2*o + 2*s = 6, o = 2*o + 2*s + 3. Let y = w - o. What is the units digit of y?
6
Suppose -4*v - 12 = -8*v. Suppose -m + 4*j = -19, -v*m + j + 12 = -2*j. What is the tens digit of (-12)/(-1) - m/1?
1
Suppose 8*o - 4*o = 564. What is the hundreds digit of o?
1
Let y(i) = -i + 12. Let d be y(10). What is the tens digit of (-1 - d/6)*-12?
1
Let a = 9 + -4. What is the units digit of a?
5
Let n(z) = 13*z - 1. Let d be n(1). Let h = d + -8. What is the units digit of h?
4
Let x(d) = -d**2 - 5*d + 6. What is the units digit of x(-3)?
2
Let p(j) = -j**2 - 10*j + 13. Let m be p(-11). Let i be (-1 - m)/(-3) + -1. Let s(q) = -q**2 + q + 11. What is the tens digit of s(i)?
1
Let n be (-226)/7 - 2/(-7). What is the tens digit of (n + -1)/